{"id":2517,"date":"2024-02-28T10:05:53","date_gmt":"2024-02-28T09:05:53","guid":{"rendered":"https:\/\/aubp.ch\/event\/sausage-festival\/"},"modified":"2024-02-28T10:05:53","modified_gmt":"2024-02-28T09:05:53","slug":"sausage-festival","status":"publish","type":"tribe_events","link":"https:\/\/aubp.ch\/en\/event\/sausage-festival\/","title":{"rendered":"Sausage Festival"},"content":{"rendered":"<h4><strong>It&#8217;s sausage time&#8230;<\/strong><\/h4>\n<p>The sausage to think about the food transition. Together with institutional partners from the cultural and agricultural sectors, we&#8217;re putting the sausage in the spotlight for a week of celebrations designed to make this exceptional product better known to a very wide audience. The aim of this first edition is to demonstrate that sausages are totally in tune with the times. Present in all cultures, it is a true ecological marker, helping us to think about the nutritional challenges of the future and sustainability in food.<\/p>\n<p><strong>At the Baths:<\/strong><\/p>\n<p style=\"padding-left: 40px;\"><strong>Saturday, September 16 from 5 p.m.<\/strong><\/p>\n<p style=\"padding-left: 40px;\">Dish of the day: sausages to discover.<\/p>\n<p style=\"padding-left: 40px;\">A fun cultural program in which teams compete in fairground games entitled vegan vs. meat. A zany way to tackle burning issues.<\/p>\n<p style=\"padding-left: 40px;\"><strong>Games: <\/strong><em>Run to catch your sausage <\/em>+ <em>resist on your Paddle + vegetarian or carnivore rope<\/em><\/p>\n<p style=\"padding-left: 40px;\"><strong>4:30 <\/strong>Historian Isabelle Burkhaler comes to the Bains to tell us sausage stories linked to our history: <em>The MAH collection through the prism of the sausage <\/em>.  <\/p>\n<p style=\"padding-left: 40px;\">Concerts :<\/p>\n<p style=\"padding-left: 40px;\"><strong>6:30 pm <\/strong>Los Gatillos<\/p>\n<p style=\"padding-left: 40px;\">Between electro twists and Brechtian refrains, sweaty ballads and twilight rocks. Kaleidoscopic and cinematic, funny and danceable, it&#8217;s just what we need for an unforgettable sunset.<br \/>\nMonney B, Pierre Omer and Fred Raspail, three respected and inspired figures, who have separately knitted great things together in the blues, chanson, swing and rock&#8217;n&#8217;roll departments. By the way, Gatillos don&#8217;t stand for kittens &#8211; they&#8217;re old, unkempt cats we&#8217;re talking about &#8211; but for Trigger Cats. And these three know how to make powder talk.<\/p>\n<p style=\"padding-left: 40px;\"><strong>8pm Jean Pat<\/strong><\/p>\n<p style=\"padding-left: 40px;\">Alone with his guitar, Jean Pat takes you on a journey through mythical hits. His generosity and swing on stage will not leave anyone indifferent. Jean Pat comes to party! Take care.<\/p>\n<p><strong>Elsewhere :<\/strong><\/p>\n<p style=\"padding-left: 40px;\"><strong>Tuesday, September 12, 2023 from 6pm &#8211; Librairie Cumulus BD<\/strong><\/p>\n<p style=\"padding-left: 40px;\">An evening of performance comics featuring sausages. Location: rue des \u00c9tuves 5 &#8211; 1201 Geneva Free admission &#8211; All ages<\/p>\n<p style=\"padding-left: 40px;\"><strong>Wednesday, September 13 from 7pm &#8211; Special Guest! Restaurant Un&#8217;Opera Italiana<\/strong><\/p>\n<p style=\"padding-left: 40px;\">Sausage as a condiment. Tasting menu featuring traditional Italian recipes and transalpine artisan products. Location: Av. Eug\u00e8ne Lance 64 &#8211; 1212 Lancy Price: see website fetedelasaucisse.ch<\/p>\n<p style=\"padding-left: 40px;\"><strong>Thursday, September 14, 2023 6pm &#8211; 10pm &#8211; Mus\u00e9e d&#8217;Art et d&#8217;Histoire<\/strong><\/p>\n<p style=\"padding-left: 40px;\"><em>Afterwork #30 It&#8217;s sausage time!  <\/em>Learn all about the history of sausages, with a tasting of a sausage made from a recipe dating back to the 2nd century AD by the Del Ma\u00eetre butcher&#8217;s shop. Performances, speed-dating and yodelling. Location: Rue Charles-Galland 2, 1206 Geneva &#8211; Free admission &#8211; General public<\/p>\n<p style=\"padding-left: 40px;\"><strong>Friday, September 15, 2023 at 7 p.m. &#8211; La Classe Agriculture de la Soci\u00e9t\u00e9 des Arts<\/strong><\/p>\n<p style=\"padding-left: 40px;\">In collaboration with the Soci\u00e9t\u00e9 Patronale des Bouchers Charcutiers, OPAGE (Gen\u00e8ve Terroir), La Semaine du Go\u00fbt and Da\u00efana Action Culturelle, La Classe Agriculture is awarding the prize for the <em>Best Geneva Sausage 2023<\/em> competition. Location: Rue de l&#8217;Ath\u00e9n\u00e9e 2, 1205 Geneva<\/p>\n<p style=\"padding-left: 40px;\">Event reserved for competition participants, jury and press &#8211; Contact: +41 76 310 0836<\/p>\n<div style=\"width: 480px;\" class=\"wp-video\"><video class=\"wp-video-shortcode\" id=\"video-2517-1\" width=\"480\" height=\"480\" preload=\"metadata\" controls=\"controls\"><source type=\"video\/mp4\" src=\"https:\/\/aubp.ch\/wp-content\/uploads\/2023\/10\/WhatsApp-Video-2023-08-29-at-20.07.44.mp4?_=1\" \/><a href=\"https:\/\/aubp.ch\/wp-content\/uploads\/2023\/10\/WhatsApp-Video-2023-08-29-at-20.07.44.mp4\">https:\/\/aubp.ch\/wp-content\/uploads\/2023\/10\/WhatsApp-Video-2023-08-29-at-20.07.44.mp4<\/a><\/video><\/div>\n","protected":false},"excerpt":{"rendered":"<p>It&#8217;s sausage time&#8230; The sausage to think about the food  [&#8230;]<\/p>\n","protected":false},"author":4,"featured_media":2253,"template":"","meta":{"_tribe_events_status":"","_tribe_events_status_reason":"","_tribe_events_is_hybrid":"","_tribe_events_is_virtual":"","_tribe_events_virtual_video_source":"","_tribe_events_virtual_embed_video":"","_tribe_events_virtual_linked_button_text":"","_tribe_events_virtual_linked_button":"","_tribe_events_virtual_show_embed_at":"","_tribe_events_virtual_show_embed_to":[],"_tribe_events_virtual_show_on_event":"","_tribe_events_virtual_show_on_views":"","_tribe_events_virtual_url":"","footnotes":""},"tags":[],"tribe_events_cat":[],"class_list":["post-2517","tribe_events","type-tribe_events","status-publish","has-post-thumbnail","hentry"],"_links":{"self":[{"href":"https:\/\/aubp.ch\/en\/wp-json\/wp\/v2\/tribe_events\/2517","targetHints":{"allow":["GET"]}}],"collection":[{"href":"https:\/\/aubp.ch\/en\/wp-json\/wp\/v2\/tribe_events"}],"about":[{"href":"https:\/\/aubp.ch\/en\/wp-json\/wp\/v2\/types\/tribe_events"}],"author":[{"embeddable":true,"href":"https:\/\/aubp.ch\/en\/wp-json\/wp\/v2\/users\/4"}],"version-history":[{"count":0,"href":"https:\/\/aubp.ch\/en\/wp-json\/wp\/v2\/tribe_events\/2517\/revisions"}],"wp:featuredmedia":[{"embeddable":true,"href":"https:\/\/aubp.ch\/en\/wp-json\/wp\/v2\/media\/2253"}],"wp:attachment":[{"href":"https:\/\/aubp.ch\/en\/wp-json\/wp\/v2\/media?parent=2517"}],"wp:term":[{"taxonomy":"post_tag","embeddable":true,"href":"https:\/\/aubp.ch\/en\/wp-json\/wp\/v2\/tags?post=2517"},{"taxonomy":"tribe_events_cat","embeddable":true,"href":"https:\/\/aubp.ch\/en\/wp-json\/wp\/v2\/tribe_events_cat?post=2517"}],"curies":[{"name":"wp","href":"https:\/\/api.w.org\/{rel}","templated":true}]}}

<h4><strong>It&#8217;s sausage time&#8230;</strong></h4>
<p>The sausage to think about the food transition. Together with institutional partners from the cultural and agricultural sectors, we&#8217;re putting the sausage in the spotlight for a week of celebrations designed to make this exceptional product better known to a very wide audience. The aim of this first edition is to demonstrate that sausages are totally in tune with the times. Present in all cultures, it is a true ecological marker, helping us to think about the nutritional challenges of the future and sustainability in food.</p>
<p><strong>At the Baths:</strong></p>
<p style="padding-left: 40px;"><strong>Saturday, September 16 from 5 p.m.</strong></p>
<p style="padding-left: 40px;">Dish of the day: sausages to discover.</p>
<p style="padding-left: 40px;">A fun cultural program in which teams compete in fairground games entitled vegan vs. meat. A zany way to tackle burning issues.</p>
<p style="padding-left: 40px;"><strong>Games: </strong><em>Run to catch your sausage </em>+ <em>resist on your Paddle + vegetarian or carnivore rope</em></p>
<p style="padding-left: 40px;"><strong>4:30 </strong>Historian Isabelle Burkhaler comes to the Bains to tell us sausage stories linked to our history: <em>The MAH collection through the prism of the sausage </em>.  </p>
<p style="padding-left: 40px;">Concerts :</p>
<p style="padding-left: 40px;"><strong>6:30 pm </strong>Los Gatillos</p>
<p style="padding-left: 40px;">Between electro twists and Brechtian refrains, sweaty ballads and twilight rocks. Kaleidoscopic and cinematic, funny and danceable, it&#8217;s just what we need for an unforgettable sunset.<br />
Monney B, Pierre Omer and Fred Raspail, three respected and inspired figures, who have separately knitted great things together in the blues, chanson, swing and rock&#8217;n&#8217;roll departments. By the way, Gatillos don&#8217;t stand for kittens &#8211; they&#8217;re old, unkempt cats we&#8217;re talking about &#8211; but for Trigger Cats. And these three know how to make powder talk.</p>
<p style="padding-left: 40px;"><strong>8pm Jean Pat</strong></p>
<p style="padding-left: 40px;">Alone with his guitar, Jean Pat takes you on a journey through mythical hits. His generosity and swing on stage will not leave anyone indifferent. Jean Pat comes to party! Take care.</p>
<p><strong>Elsewhere :</strong></p>
<p style="padding-left: 40px;"><strong>Tuesday, September 12, 2023 from 6pm &#8211; Librairie Cumulus BD</strong></p>
<p style="padding-left: 40px;">An evening of performance comics featuring sausages. Location: rue des Étuves 5 &#8211; 1201 Geneva Free admission &#8211; All ages</p>
<p style="padding-left: 40px;"><strong>Wednesday, September 13 from 7pm &#8211; Special Guest! Restaurant Un&#8217;Opera Italiana</strong></p>
<p style="padding-left: 40px;">Sausage as a condiment. Tasting menu featuring traditional Italian recipes and transalpine artisan products. Location: Av. Eugène Lance 64 &#8211; 1212 Lancy Price: see website fetedelasaucisse.ch</p>
<p style="padding-left: 40px;"><strong>Thursday, September 14, 2023 6pm &#8211; 10pm &#8211; Musée d&#8217;Art et d&#8217;Histoire</strong></p>
<p style="padding-left: 40px;"><em>Afterwork #30 It&#8217;s sausage time!  </em>Learn all about the history of sausages, with a tasting of a sausage made from a recipe dating back to the 2nd century AD by the Del Maître butcher&#8217;s shop. Performances, speed-dating and yodelling. Location: Rue Charles-Galland 2, 1206 Geneva &#8211; Free admission &#8211; General public</p>
<p style="padding-left: 40px;"><strong>Friday, September 15, 2023 at 7 p.m. &#8211; La Classe Agriculture de la Société des Arts</strong></p>
<p style="padding-left: 40px;">In collaboration with the Société Patronale des Bouchers Charcutiers, OPAGE (Genève Terroir), La Semaine du Goût and Daïana Action Culturelle, La Classe Agriculture is awarding the prize for the <em>Best Geneva Sausage 2023</em> competition. Location: Rue de l&#8217;Athénée 2, 1205 Geneva</p>
<p style="padding-left: 40px;">Event reserved for competition participants, jury and press &#8211; Contact: +41 76 310 0836</p>
<div style="width: 480px;" class="wp-video"><video class="wp-video-shortcode" id="video-2517-1" width="480" height="480" preload="metadata" controls="controls"><source type="video/mp4" src="https://aubp.ch/wp-content/uploads/2023/10/WhatsApp-Video-2023-08-29-at-20.07.44.mp4?_=1" /><a href="https://aubp.ch/wp-content/uploads/2023/10/WhatsApp-Video-2023-08-29-at-20.07.44.mp4">https://aubp.ch/wp-content/uploads/2023/10/WhatsApp-Video-2023-08-29-at-20.07.44.mp4</a></video></div>
