{"id":5691,"date":"2024-10-09T11:13:27","date_gmt":"2024-10-09T09:13:27","guid":{"rendered":"https:\/\/aubp.ch\/event\/poetic-aperitif-2\/"},"modified":"2024-10-09T11:13:27","modified_gmt":"2024-10-09T09:13:27","slug":"poetic-aperitif-2","status":"publish","type":"tribe_events","link":"https:\/\/aubp.ch\/en\/event\/poetic-aperitif-2\/","title":{"rendered":"Poetic aperitif"},"content":{"rendered":"<p>Saturday, October 12, 11 a.m. Resumption of the ap\u00e9ros po\u00e9tiques with a carte blanche by Editions <em>A c\u00f4t\u00e9 de cela<\/em> Reading of texts from the works of : <\/p>\n<p><i>Francesco Micieli, Carin Caduff,<\/i><\/p>\n<p><i>Pablo Jofr\u00e9, Philippe Constantin,<\/i><\/p>\n<p><i>Didier Jordan, Marcel Burger, Paul<\/i><\/p>\n<p><i>Verlaine.<\/i><\/p>\n","protected":false},"excerpt":{"rendered":"<p>Saturday, October 12, 11 a.m. Resumption of the ap\u00e9ros po\u00e9tiques  [&#8230;]<\/p>\n","protected":false},"author":5,"featured_media":5675,"template":"","meta":{"_tribe_events_status":"","_tribe_events_status_reason":"","_tribe_events_is_hybrid":"","_tribe_events_is_virtual":"","_tribe_events_virtual_video_source":"","_tribe_events_virtual_embed_video":"","_tribe_events_virtual_linked_button_text":"","_tribe_events_virtual_linked_button":"","_tribe_events_virtual_show_embed_at":"","_tribe_events_virtual_show_embed_to":[],"_tribe_events_virtual_show_on_event":"","_tribe_events_virtual_show_on_views":"","_tribe_events_virtual_url":"","footnotes":""},"tags":[],"tribe_events_cat":[82],"class_list":["post-5691","tribe_events","type-tribe_events","status-publish","has-post-thumbnail","hentry","tribe_events_cat-culture-en","cat_culture-en"],"_links":{"self":[{"href":"https:\/\/aubp.ch\/en\/wp-json\/wp\/v2\/tribe_events\/5691","targetHints":{"allow":["GET"]}}],"collection":[{"href":"https:\/\/aubp.ch\/en\/wp-json\/wp\/v2\/tribe_events"}],"about":[{"href":"https:\/\/aubp.ch\/en\/wp-json\/wp\/v2\/types\/tribe_events"}],"author":[{"embeddable":true,"href":"https:\/\/aubp.ch\/en\/wp-json\/wp\/v2\/users\/5"}],"version-history":[{"count":0,"href":"https:\/\/aubp.ch\/en\/wp-json\/wp\/v2\/tribe_events\/5691\/revisions"}],"wp:featuredmedia":[{"embeddable":true,"href":"https:\/\/aubp.ch\/en\/wp-json\/wp\/v2\/media\/5675"}],"wp:attachment":[{"href":"https:\/\/aubp.ch\/en\/wp-json\/wp\/v2\/media?parent=5691"}],"wp:term":[{"taxonomy":"post_tag","embeddable":true,"href":"https:\/\/aubp.ch\/en\/wp-json\/wp\/v2\/tags?post=5691"},{"taxonomy":"tribe_events_cat","embeddable":true,"href":"https:\/\/aubp.ch\/en\/wp-json\/wp\/v2\/tribe_events_cat?post=5691"}],"curies":[{"name":"wp","href":"https:\/\/api.w.org\/{rel}","templated":true}]}}

<p>Saturday, October 12, 11 a.m. Resumption of the apéros poétiques with a carte blanche by Editions <em>A côté de cela</em> Reading of texts from the works of : </p>
<p><i>Francesco Micieli, Carin Caduff,</i></p>
<p><i>Pablo Jofré, Philippe Constantin,</i></p>
<p><i>Didier Jordan, Marcel Burger, Paul</i></p>
<p><i>Verlaine.</i></p>

<p>Saturday, October 12, 11 a.m. Resumption of the apéros poétiques  [&#8230;]</p>
