{"id":5692,"date":"2024-10-09T11:13:29","date_gmt":"2024-10-09T09:13:29","guid":{"rendered":"https:\/\/aubp.ch\/event\/fete-du-theatre-bande-a-part\/"},"modified":"2024-10-09T11:13:29","modified_gmt":"2024-10-09T09:13:29","slug":"fete-du-theatre-bande-a-part","status":"publish","type":"tribe_events","link":"https:\/\/aubp.ch\/en\/event\/fete-du-theatre-bande-a-part\/","title":{"rendered":"F\u00eate du Th\u00e9\u00e2tre: Band(e) \u00e0 part"},"content":{"rendered":"<p style=\"font-weight: 400;\"><em>Band(e) \u00e0 part <\/em>is constructed as a theatrical documentary, with the audience taking on the role of the camera. We follow a pop rock band as they go about their daily business and tour Europe. <\/p>\n<p style=\"font-weight: 400;\">Between interviews with band members, live concert scenes and backstage footage, <em>Collectif Duncan<\/em> explores in music the social mechanisms that govern the evolution of individuals within a group. What remains of each individual in a shared project? A comic and sensitive show, full of disagreements and unison.  <\/p>\n<p style=\"font-weight: 400;\">A creation by Collectif Duncan<\/p>\n<p style=\"font-weight: 400;\">Text, musical composition, direction and acting: Paul Berrocal, Boris Degex and Coralie Vollichard<\/p>\n<p style=\"font-weight: 400;\">Artistic collaboration: Alain Borek<\/p>\n<p style=\"font-weight: 400;\">Sound: in progress<\/p>\n<p>Photo credit: Aur\u00e9lia Thys 50 free tickets Reservations: 022 908 20 31 \/ <a href=\"http:\/\/fetedutheatre.ch\/\" target=\"_blank\" rel=\"noreferrer nofollow noopener\">fetedutheatre.ch<\/a> From age 12 Running time: 55 min<\/p>\n","protected":false},"excerpt":{"rendered":"<p>Band(e) \u00e0 part is constructed as a theatrical documentary, with  [&#8230;]<\/p>\n","protected":false},"author":5,"featured_media":5630,"template":"","meta":{"_tribe_events_status":"","_tribe_events_status_reason":"","_tribe_events_is_hybrid":"","_tribe_events_is_virtual":"","_tribe_events_virtual_video_source":"","_tribe_events_virtual_embed_video":"","_tribe_events_virtual_linked_button_text":"","_tribe_events_virtual_linked_button":"","_tribe_events_virtual_show_embed_at":"","_tribe_events_virtual_show_embed_to":[],"_tribe_events_virtual_show_on_event":"","_tribe_events_virtual_show_on_views":"","_tribe_events_virtual_url":"","footnotes":""},"tags":[],"tribe_events_cat":[82],"class_list":["post-5692","tribe_events","type-tribe_events","status-publish","has-post-thumbnail","hentry","tribe_events_cat-culture-en","cat_culture-en"],"_links":{"self":[{"href":"https:\/\/aubp.ch\/en\/wp-json\/wp\/v2\/tribe_events\/5692","targetHints":{"allow":["GET"]}}],"collection":[{"href":"https:\/\/aubp.ch\/en\/wp-json\/wp\/v2\/tribe_events"}],"about":[{"href":"https:\/\/aubp.ch\/en\/wp-json\/wp\/v2\/types\/tribe_events"}],"author":[{"embeddable":true,"href":"https:\/\/aubp.ch\/en\/wp-json\/wp\/v2\/users\/5"}],"version-history":[{"count":0,"href":"https:\/\/aubp.ch\/en\/wp-json\/wp\/v2\/tribe_events\/5692\/revisions"}],"wp:featuredmedia":[{"embeddable":true,"href":"https:\/\/aubp.ch\/en\/wp-json\/wp\/v2\/media\/5630"}],"wp:attachment":[{"href":"https:\/\/aubp.ch\/en\/wp-json\/wp\/v2\/media?parent=5692"}],"wp:term":[{"taxonomy":"post_tag","embeddable":true,"href":"https:\/\/aubp.ch\/en\/wp-json\/wp\/v2\/tags?post=5692"},{"taxonomy":"tribe_events_cat","embeddable":true,"href":"https:\/\/aubp.ch\/en\/wp-json\/wp\/v2\/tribe_events_cat?post=5692"}],"curies":[{"name":"wp","href":"https:\/\/api.w.org\/{rel}","templated":true}]}}

Fête du Théâtre: Band(e) à part

<p style="font-weight: 400;"><em>Band(e) à part </em>is constructed as a theatrical documentary, with the audience taking on the role of the camera. We follow a pop rock band as they go about their daily business and tour Europe. </p>
<p style="font-weight: 400;">Between interviews with band members, live concert scenes and backstage footage, <em>Collectif Duncan</em> explores in music the social mechanisms that govern the evolution of individuals within a group. What remains of each individual in a shared project? A comic and sensitive show, full of disagreements and unison.  </p>
<p style="font-weight: 400;">A creation by Collectif Duncan</p>
<p style="font-weight: 400;">Text, musical composition, direction and acting: Paul Berrocal, Boris Degex and Coralie Vollichard</p>
<p style="font-weight: 400;">Artistic collaboration: Alain Borek</p>
<p style="font-weight: 400;">Sound: in progress</p>
<p>Photo credit: Aurélia Thys 50 free tickets Reservations: 022 908 20 31 / <a href="http://fetedutheatre.ch/" target="_blank" rel="noreferrer nofollow noopener">fetedutheatre.ch</a> From age 12 Running time: 55 min</p>

<p>Band(e) à part is constructed as a theatrical documentary, with  [&#8230;]</p>
