{"id":8140,"date":"2026-01-28T00:24:43","date_gmt":"2026-01-27T23:24:43","guid":{"rendered":"https:\/\/aubp.ch\/event\/poetic-aperitif-21\/"},"modified":"2026-01-28T00:24:43","modified_gmt":"2026-01-27T23:24:43","slug":"poetic-aperitif-21","status":"publish","type":"tribe_events","link":"https:\/\/aubp.ch\/en\/event\/poetic-aperitif-21\/","title":{"rendered":"Poetic aperitif"},"content":{"rendered":"<p>Suzan Samanci reading<\/p>\n<p style=\"font-weight: 400;\">Suzan Samanc\u0131 was born in Diyarbak\u0131r, Kurdistan, and published her first poems in the magazine &#8220;Sanat Olay\u0131&#8221; in 1985.<\/p>\n<p style=\"font-weight: 400;\">She was a columnist for the newspapers Demokrasi, G\u00fcndem, \u00d6zg\u00fcr Politika and Taraf from 1995 to 2011. She has also written political articles on art, aesthetics, women&#8217;s rights and the Kurdish question. Her first book of stories &#8220;Eriyip Gidiyor Gece&#8221; was published in 1991 under her own steam. She made her real debut with her storybook &#8220;Resin Smelled H\u00eal\u00een&#8221;. Her stories and novels have been published by Turkey&#8217;s leading publishing houses. Her stories have been translated into German, Spanish, Italian, Flemish, Swedish, French and Kurdish, and have been included in anthologies in English and Japanese.     <\/p>\n<p style=\"font-weight: 400;\">As the language of her school and education was Turkish, for a long time she wrote almost exclusively in Turkish, the official language. Since 2015, she has been writing novels and stories in her mother tongue, Kurdish. In 1997, at the Orhan Kemal Literature Prize competition with her storybook &#8220;K\u0131ra\u00e7 Da\u011flar Kar Tuttu&#8221; (K\u0131ra\u00e7 Da\u011flar Kar Tuttu: K\u0131ra\u00e7 Da\u011flar Kar Tuttu), she was awarded first prize, but after a controversy, she was awarded second prize. After this incident, she decided not to take part in any further competitions.   <\/p>\n<p style=\"font-weight: 400;\">Suzan Samanc\u0131 has published books of literary analysis of her stories and novels.<\/p>\n<p style=\"font-weight: 400;\">While she is convinced that literature and art will heal and cleanse the polluted world, she also believes that without art and aesthetic awareness, human beings cannot achieve true freedom.<\/p>\n","protected":false},"excerpt":{"rendered":"<p>Suzan Samanci reading Suzan Samanc\u0131 was born in Diyarbak\u0131r, Kurdistan,  [&#8230;]<\/p>\n","protected":false},"author":5,"featured_media":8137,"template":"","meta":{"_tribe_events_status":"","_tribe_events_status_reason":"","_tribe_events_is_hybrid":"","_tribe_events_is_virtual":"","_tribe_events_virtual_video_source":"","_tribe_events_virtual_embed_video":"","_tribe_events_virtual_linked_button_text":"","_tribe_events_virtual_linked_button":"","_tribe_events_virtual_show_embed_at":"","_tribe_events_virtual_show_embed_to":[],"_tribe_events_virtual_show_on_event":"","_tribe_events_virtual_show_on_views":"","_tribe_events_virtual_url":"","footnotes":""},"tags":[],"tribe_events_cat":[89],"class_list":["post-8140","tribe_events","type-tribe_events","status-publish","has-post-thumbnail","hentry","tribe_events_cat-poesie-en","cat_poesie-en"],"_links":{"self":[{"href":"https:\/\/aubp.ch\/en\/wp-json\/wp\/v2\/tribe_events\/8140","targetHints":{"allow":["GET"]}}],"collection":[{"href":"https:\/\/aubp.ch\/en\/wp-json\/wp\/v2\/tribe_events"}],"about":[{"href":"https:\/\/aubp.ch\/en\/wp-json\/wp\/v2\/types\/tribe_events"}],"author":[{"embeddable":true,"href":"https:\/\/aubp.ch\/en\/wp-json\/wp\/v2\/users\/5"}],"version-history":[{"count":0,"href":"https:\/\/aubp.ch\/en\/wp-json\/wp\/v2\/tribe_events\/8140\/revisions"}],"wp:featuredmedia":[{"embeddable":true,"href":"https:\/\/aubp.ch\/en\/wp-json\/wp\/v2\/media\/8137"}],"wp:attachment":[{"href":"https:\/\/aubp.ch\/en\/wp-json\/wp\/v2\/media?parent=8140"}],"wp:term":[{"taxonomy":"post_tag","embeddable":true,"href":"https:\/\/aubp.ch\/en\/wp-json\/wp\/v2\/tags?post=8140"},{"taxonomy":"tribe_events_cat","embeddable":true,"href":"https:\/\/aubp.ch\/en\/wp-json\/wp\/v2\/tribe_events_cat?post=8140"}],"curies":[{"name":"wp","href":"https:\/\/api.w.org\/{rel}","templated":true}]}}

<p>Suzan Samanci reading</p>
<p style="font-weight: 400;">Suzan Samancı was born in Diyarbakır, Kurdistan, and published her first poems in the magazine &#8220;Sanat Olayı&#8221; in 1985.</p>
<p style="font-weight: 400;">She was a columnist for the newspapers Demokrasi, Gündem, Özgür Politika and Taraf from 1995 to 2011. She has also written political articles on art, aesthetics, women&#8217;s rights and the Kurdish question. Her first book of stories &#8220;Eriyip Gidiyor Gece&#8221; was published in 1991 under her own steam. She made her real debut with her storybook &#8220;Resin Smelled Hêlîn&#8221;. Her stories and novels have been published by Turkey&#8217;s leading publishing houses. Her stories have been translated into German, Spanish, Italian, Flemish, Swedish, French and Kurdish, and have been included in anthologies in English and Japanese.     </p>
<p style="font-weight: 400;">As the language of her school and education was Turkish, for a long time she wrote almost exclusively in Turkish, the official language. Since 2015, she has been writing novels and stories in her mother tongue, Kurdish. In 1997, at the Orhan Kemal Literature Prize competition with her storybook &#8220;Kıraç Dağlar Kar Tuttu&#8221; (Kıraç Dağlar Kar Tuttu: Kıraç Dağlar Kar Tuttu), she was awarded first prize, but after a controversy, she was awarded second prize. After this incident, she decided not to take part in any further competitions.   </p>
<p style="font-weight: 400;">Suzan Samancı has published books of literary analysis of her stories and novels.</p>
<p style="font-weight: 400;">While she is convinced that literature and art will heal and cleanse the polluted world, she also believes that without art and aesthetic awareness, human beings cannot achieve true freedom.</p>

<p>Suzan Samanci reading Suzan Samancı was born in Diyarbakır, Kurdistan,  [&#8230;]</p>
